te the greatest common divisor of 22 and 1877920.
22
What is the greatest common divisor of 7970 and 230?
10
What is the greatest common divisor of 1529 and 8201?
139
Calculate the greatest common factor of 13855 and 13040.
815
Calculate the greatest common divisor of 8308 and 496.
124
What is the greatest common factor of 1452 and 20196?
132
Calculate the highest common factor of 12911824 and 2092.
2092
What is the highest common factor of 12 and 14796?
12
Calculate the greatest common divisor of 11200 and 13664.
224
Calculate the greatest common factor of 34 and 8933194.
34
What is the greatest common divisor of 1474 and 52863?
67
Calculate the greatest common divisor of 17957744 and 56.
56
What is the highest common divisor of 2551635 and 135?
135
Calculate the greatest common factor of 387376 and 704.
176
Calculate the greatest common factor of 1617 and 2407020.
231
Calculate the highest common factor of 104 and 1358188.
52
Calculate the highest common factor of 1704 and 408.
24
What is the highest common divisor of 324 and 18756?
36
What is the highest common factor of 75929 and 6?
1
Calculate the highest common factor of 18704 and 364.
28
Calculate the greatest common factor of 136 and 570860.
68
Calculate the greatest common factor of 5984 and 2028032.
544
Calculate the highest common divisor of 28358 and 33.
11
What is the greatest common factor of 560 and 138680?
40
What is the greatest common divisor of 75460 and 880?
220
What is the greatest common factor of 13 and 3359?
1
What is the greatest common divisor of 22464 and 1536?
192
What is the highest common divisor of 166 and 5229?
83
Calculate the greatest common divisor of 126 and 236978.
14
Calculate the greatest common factor of 276 and 242052.
276
Calculate the greatest common divisor of 280311 and 2095.
419
What is the greatest common divisor of 224 and 11578?
14
Calculate the highest common factor of 2674 and 938.
14
Calculate the greatest common factor of 5856 and 3804.
12
Calculate the highest common factor of 50672 and 128.
16
What is the highest common factor of 63046 and 2842?
58
What is the highest common factor of 114718 and 41?
41
Calculate the greatest common divisor of 310570 and 130.
130
What is the greatest common factor of 224085 and 135?
15
What is the highest common factor of 179166 and 78?
78
Calculate the highest common divisor of 805 and 75.
5
Calculate the greatest common factor of 6 and 17002.
2
Calculate the greatest common divisor of 132321 and 21.
21
What is the greatest common divisor of 1552040 and 4?
4
What is the greatest common divisor of 159566 and 22?
22
What is the greatest common divisor of 39192 and 109908?
852
What is the greatest common factor of 90816 and 1728?
192
What is the greatest common factor of 1048268 and 247?
247
Calculate the highest common divisor of 184198 and 3304.
826
What is the highest common divisor of 9867 and 6864?
429
What is the greatest common divisor of 1564 and 1248854?
782
Calculate the highest common factor of 1478 and 5638570.
1478
Calculate the greatest common factor of 5 and 443285.
5
What is the greatest common factor of 1408 and 8492?
44
Calculate the highest common factor of 285105 and 996.
249
What is the highest common factor of 6 and 90141?
3
Calculate the greatest common factor of 120267 and 7659.
207
Calculate the highest common factor of 4675 and 748.
187
What is the highest common factor of 3801 and 6615?
21
Calculate the highest common divisor of 108 and 3637860.
12
Calculate the highest common factor of 331 and 19598179.
331
Calculate the highest common factor of 325326 and 6018.
354
What is the greatest common divisor of 29 and 230173?
29
Calculate the greatest common divisor of 9 and 4544505.
9
What is the greatest common factor of 1558 and 9310?
38
What is the highest common factor of 42872 and 1840?
184
What is the greatest common factor of 126 and 77994?
126
Calculate the greatest common divisor of 9344 and 4096.
128
Calculate the highest common factor of 170 and 293785.
5
Calculate the highest common factor of 699290 and 60.
10
What is the greatest common factor of 1280 and 11904?
128
Calculate the greatest common factor of 150638 and 218.
218
Calculate the greatest common divisor of 5 and 17345.
5
Calculate the highest common divisor of 20250 and 665820.
810
What is the greatest common divisor of 294 and 123774?
294
What is the highest common factor of 54927 and 1224?
153
What is the highest common divisor of 16 and 63528?
8
Calculate the greatest common factor of 4360191 and 222.
111
Calculate the highest common factor of 363 and 2989426.
121
Calculate the greatest common factor of 14840 and 21.
7
Calculate the highest common divisor of 138416 and 2321.
211
Calculate the highest common divisor of 396 and 308.
44
What is the greatest common divisor of 3 and 1984?
1
What is the highest common divisor of 2475 and 227475?
225
Calculate the highest common divisor of 1587 and 952729.
529
What is the highest common factor of 19720 and 33320?
680
Calculate the greatest common divisor of 10766 and 448.
14
Calculate the highest common divisor of 651 and 10509.
93
Calculate the greatest common factor of 715 and 2080.
65
What is the highest common divisor of 208530 and 315?
315
What is the highest common factor of 13 and 239005?
13
What is the greatest common factor of 34711 and 1348?
337
What is the highest common factor of 5 and 348485?
5
What is the greatest common factor of 103998 and 6?
6
What is the greatest common divisor of 153 and 359873?
17
What is the greatest common factor of 1 and 13679?
1
What is the greatest common factor of 30527 and 3560?
89
What is the greatest common factor of 71650 and 250?
50
Calculate the greatest common factor of 369550 and 40.
10
Calculate the greatest common divisor of 152 and 532684.
76
What is the highest common factor of 3476 and 15484?
316
Calculate the greatest common factor of 210 and 5809440.
210
What is the highest common divisor of 1272 and 3976?
8
Calculate the highest common divisor of 19833870 and 210.
210
Calculate the greatest common divisor of 64624 and 3808.
112
What is the greatest common factor of 1916348 and 13842?
1538
What is the highest common divisor of 4936 and 344?
8
What is the highest common factor of 1190618 and 44?
22
What is the greatest common factor of 339202 and 4154?
62
What is the greatest common factor of 95 and 6194?
19
Calculate the greatest common divisor of 268001 and 849.
283
What is the highest common divisor of 222675 and 275?
25
Calculate the highest common divisor of 185 and 3837973.
37
What is the highest common divisor of 36842 and 6422?
338
Calculate the highest common factor of 5612 and 2852.
92
What is the highest common factor of 5474 and 189?
7
What is the highest common factor of 234 and 1690?
26
What is the greatest common factor of 62405 and 105?
35
What is the highest common divisor of 13899492 and 246?
246
Calculate the greatest common factor of 5610 and 4070.
110
Calculate the greatest common factor of 69 and 276759.
69
Calculate the greatest common divisor of 13864 and 2407137.
1733
Calculate the greatest common divisor of 1355022 and 621.
621
Calculate the highest common factor of 17642 and 9.
1
Calculate the greatest common factor of 5672 and 64.
8
What is the greatest common factor of 5839605 and 45?
45
Calculate the greatest common factor of 364 and 240513.
91
Calculate the greatest common divisor of 360 and 7470.
90
What is the greatest common factor of 133 and 1311?
19
What is the greatest common divisor of 18644473 and 1399?
1399
What is the highest common factor of 336396 and 12?
12
Calculate the highest common factor of 760 and 21204.
76
What is the highest common divisor of 1763301 and 86?
43
What is the greatest common divisor of 152 and 2518564?
76
What is the highest common factor of 103455 and 855?
855
Calculate the greatest common divisor of 452 and 20001.
113
What is the highest common divisor of 1512 and 24248?
56
What is the greatest common factor of 88067 and 253?
23
Calculate the greatest common factor of 179232 and 208.
16
Calculate the highest common factor of 35 and 12410.
5
What is the greatest common factor of 1097468 and 302?
302
Calculate the greatest common divisor of 246